are the prime factors of 26811?
3, 331
What are the prime factors of 1420?
2, 5, 71
List the prime factors of 984.
2, 3, 41
What are the prime factors of 1545?
3, 5, 103
List the prime factors of 30075.
3, 5, 401
What are the prime factors of 70746?
2, 3, 13, 907
What are the prime factors of 130817?
130817
What are the prime factors of 1465?
5, 293
List the prime factors of 47957.
7, 13, 17, 31
List the prime factors of 34709.
61, 569
What are the prime factors of 12659?
12659
What are the prime factors of 5036?
2, 1259
What are the prime factors of 698?
2, 349
List the prime factors of 165719.
165719
What are the prime factors of 10804?
2, 37, 73
What are the prime factors of 1439?
1439
What are the prime factors of 3029?
13, 233
What are the prime factors of 76?
2, 19
What are the prime factors of 58805?
5, 19, 619
List the prime factors of 37169.
11, 31, 109
What are the prime factors of 1496?
2, 11, 17
List the prime factors of 2011.
2011
What are the prime factors of 2089?
2089
List the prime factors of 4437.
3, 17, 29
What are the prime factors of 18901?
41, 461
List the prime factors of 2345.
5, 7, 67
What are the prime factors of 26785?
5, 11, 487
List the prime factors of 28185.
3, 5, 1879
List the prime factors of 28998.
2, 3, 179
List the prime factors of 1310.
2, 5, 131
List the prime factors of 160.
2, 5
List the prime factors of 1157.
13, 89
List the prime factors of 34982.
2, 17491
List the prime factors of 23411.
41, 571
What are the prime factors of 43877?
17, 29, 89
List the prime factors of 15634.
2, 7817
What are the prime factors of 1116?
2, 3, 31
What are the prime factors of 8632?
2, 13, 83
What are the prime factors of 19087?
19087
List the prime factors of 42860.
2, 5, 2143
What are the prime factors of 422?
2, 211
List the prime factors of 1908.
2, 3, 53
List the prime factors of 58761.
3, 6529
List the prime factors of 11579.
11579
What are the prime factors of 3813?
3, 31, 41
List the prime factors of 37995.
3, 5, 17, 149
What are the prime factors of 21?
3, 7
What are the prime factors of 214?
2, 107
What are the prime factors of 4165?
5, 7, 17
List the prime factors of 578.
2, 17
List the prime factors of 343.
7
What are the prime factors of 1075?
5, 43
What are the prime factors of 2201?
31, 71
List the prime factors of 843.
3, 281
What are the prime factors of 2520?
2, 3, 5, 7
List the prime factors of 53781.
3, 7, 13, 197
What are the prime factors of 2847?
3, 13, 73
What are the prime factors of 51256?
2, 43, 149
List the prime factors of 7669.
7669
What are the prime factors of 3160?
2, 5, 79
List the prime factors of 117928.
2, 14741
What are the prime factors of 671?
11, 61
What are the prime factors of 557?
557
What are the prime factors of 68114?
2, 34057
List the prime factors of 932.
2, 233
What are the prime factors of 1111?
11, 101
List the prime factors of 2965.
5, 593
What are the prime factors of 58372?
2, 14593
List the prime factors of 80536.
2, 10067
List the prime factors of 535.
5, 107
List the prime factors of 26343.
3, 2927
List the prime factors of 4689.
3, 521
What are the prime factors of 32548?
2, 79, 103
What are the prime factors of 5133?
3, 29, 59
List the prime factors of 1675.
5, 67
What are the prime factors of 15376?
2, 31
What are the prime factors of 3784?
2, 11, 43
What are the prime factors of 1625?
5, 13
List the prime factors of 885.
3, 5, 59
What are the prime factors of 78275?
5, 31, 101
List the prime factors of 1970.
2, 5, 197
What are the prime factors of 18665?
5, 3733
List the prime factors of 2405.
5, 13, 37
List the prime factors of 1425.
3, 5, 19
What are the prime factors of 18391?
53, 347
List the prime factors of 95958.
2, 3, 1777
What are the prime factors of 147336?
2, 3, 7, 877
What are the prime factors of 41415?
3, 5, 11, 251
List the prime factors of 1342.
2, 11, 61
What are the prime factors of 1106?
2, 7, 79
List the prime factors of 2944.
2, 23
List the prime factors of 3978.
2, 3, 13, 17
List the prime factors of 144.
2, 3
What are the prime factors of 54998?
2, 107, 257
List the prime factors of 47537.
7, 6791
What are the prime factors of 129793?
129793
What are the prime factors of 24765?
3, 5, 13, 127
What are the prime factors of 13532?
2, 17, 199
What are the prime factors of 54755?
5, 47, 233
List the prime factors of 84460.
2, 5, 41, 103
What are the prime factors of 3805?
5, 761
List the prime factors of 1758.
2, 3, 293
List the prime factors of 16641.
3, 43
What are the prime factors of 78?
2, 3, 13
List the prime factors of 14424.
2, 3, 601
What are the prime factors of 18264?
2, 3, 761
List the prime factors of 1686.
2, 3, 281
List the prime factors of 136649.
136649
What are the prime factors of 25677?
3, 317
What are the prime factors of 1216?
2, 19
What are the prime factors of 16302?
2, 3, 11, 13, 19
What are the prime factors of 938?
2, 7, 67
List the prime factors of 38832.
2, 3, 809
List the prime factors of 1108.
2, 277
List the prime factors of 6373.
6373
What are the prime factors of 1160?
2, 5, 29
What are the prime factors of 882?
2, 3, 7
What are the prime factors of 8772?
2, 3, 17, 43
What are the prime factors of 6518?
2, 3259
List the prime factors of 2025.
3, 5
List the prime factors of 16172.
2, 13, 311
What are the prime factors of 5043?
3, 41
What are the prime factors of 29697?
3, 19, 521
What are the prime factors of 27244?
2, 7, 139
List the prime factors of 39.
3, 13
What are the prime factors of 85?
5, 17
What are the prime factors of 17477?
17477
List the prime factors of 8076.
2, 3, 673
What are the prime factors of 11292?
2, 3, 941
List the prime factors of 770.
2, 5, 7, 11
What are the prime factors of 13811?
7, 1973
List the prime factors of 7467.
3, 19, 131
What are the prime factors of 23700?
2, 3, 5, 79
List the prime factors of 394.
2, 197
What are the prime factors of 59077?
59077
What are the prime factors of 156?
2, 3, 13
List the prime factors of 10563.
3, 7, 503
List the prime factors of 5012.
2, 7, 179
List the prime factors of 3923.
3923
What are the prime factors of 3267?
3, 11
What are the prime factors of 99142?
2, 19, 2609
List the prime factors of 1006.
2, 503
What are the prime factors of 3173?
19, 167
What are the prime factors of 45888?
2, 3, 239
What are the prime factors of 13623?
3, 19, 239
What are the prime factors of 3815?
5, 7, 109
What are the prime factors of 35329?
7, 103
List the prime factors of 2585.
5, 11, 47
What are the prime factors of 49351?
17, 2903
What are the prime factors of 63?
3, 7
What are the prime factors of 1038?
2, 3, 173
What are the prime factors of 81232?
2, 5077
What are the prime factors of 50568?
2, 3, 7, 43
List the prime factors of 29393.
7, 13, 17, 19
List the prime factors of 52784.
2, 3299
What are the prime factors of 3512?
2, 439
List the prime factors of 16362.
2, 3, 101
What are the prime factors of 1864?
2, 233
What are the prime factors of 3950?
2, 5, 79
List the prime factors of 98.
2, 7
What are the prime factors of 20922?
2, 3, 11, 317
List the prime factors of 41960.
2, 5, 1049
What are the prime factors of 17664?
2, 3, 23
List the prime factors of 4166.
2, 2083
What are the prime factors of 1041?
3, 347
What are the prime factors of 9713?
11, 883
What are the prime factors of 3782?
2, 31, 61
List the prime factors of 3540.
2, 3, 5, 59
What are the prime factors of 738?
2, 3, 41
List the prime factors of 22544.
2, 1409
List the prime factors of 50816.
2, 397
List the prime factors of 4047.
3, 19, 71
What are the prime factors of 10411?
29, 359
List the prime factors of 3118.
2, 1559
List the prime factors of 796.
2, 199
What are the prime factors of 36829?
13, 2833
What are the prime factors of 13270?
2, 5, 1327
List the prime factors of 6389.
6389
What are the prime factors of 17496?
2, 3
List the prime factors of 5709.
3, 11, 173
What are the prime factors of 10048?
2, 157
List the prime factors of 1439.
1439
What are the prime factors of 106240?
2, 5, 83
List the prime factors of 25075.
5, 17, 59
What are the prime factors of 59217?
3, 19739
List the prime factors of 5057.
13, 389
What are the prime factors of 1504?
2, 47
List the prime factors of 45906.
2, 3, 7, 1093
List the prime factors of 173900.
2, 5, 37, 47
List the prime fact